{"id":165,"date":"2011-12-20T20:24:50","date_gmt":"2011-12-20T19:24:50","guid":{"rendered":"http:\/\/www.gbs-online.de\/?page_id=165"},"modified":"2013-01-25T16:28:17","modified_gmt":"2013-01-25T15:28:17","slug":"bibliothek","status":"publish","type":"page","link":"https:\/\/www.gbs-online.de\/?page_id=165","title":{"rendered":"Bibliothek"},"content":{"rendered":"<p>&nbsp;<\/p>\n<p><span style=\"font-family: 'Times New Roman', serif;\"><span style=\"font-size: xx-large;\"><strong>Sch\u00fclerbibliothek<\/strong><\/span><\/span><\/p>\n<p><span style=\"font-family: 'Times New Roman', serif;\"><span style=\"font-size: medium;\">Die Sch\u00fclerbibliothek ist fester Bestandteil des GBS.<\/span><\/span><\/p>\n<p><span style=\"font-family: 'Times New Roman', serif;\"><span style=\"font-size: medium;\">Sch\u00fclerInnen und LehrerInnen haben hier die M\u00f6glichkeit in \u00fcber 9000 B\u00fcchern und an neun Internetpl\u00e4tzen f\u00fcr Unterricht und Hausaufgaben zu recherchieren, aber auch B\u00fccher, Zeitschriften und andere Medien zu entleihen.<\/span><\/span><\/p>\n<p><span style=\"font-family: 'Times New Roman', serif;\"><span style=\"font-size: medium;\">Die gro\u00dfz\u00fcgigen \u00d6ffnungszeiten: Montag &#8211; Freitag 8:00 bis 15:00 Uhr &#8211; werden durch den ehrenamtlichen Einsatz von Eltern und Gro\u00dfeltern f\u00fcr 2 bis 4 Stunden pro Woche erm\u00f6glicht.<br \/>\nFrau Schlosser, die Leiterin der Bibliothek und zwei Studenten, die die Nachmittagsbetreuung \u00fcbernehmen, vervollst\u00e4ndigen unser Team. <\/span><\/span><\/p>\n<p><span style=\"font-family: 'Times New Roman', serif;\"><span style=\"font-size: medium;\">K\u00f6nnen Sie sich vorstellen bei uns mitzuarbeiten?!<\/span><\/span><\/p>\n<p><span style=\"font-family: 'Times New Roman', serif;\"><span style=\"font-size: medium;\">Kommen Sie einfach an einem Vormittag vorbei oder wenden Sie sich an das Sekretariat der Schule.<\/span><\/span><\/p>\n<p><span style=\"font-family: 'Times New Roman', serif;\"><span style=\"font-size: medium;\">Wir freuen uns auf Sie und Ihre Mitarbeit!<\/span><\/span><\/p>\n<p><span style=\"font-family: 'Times New Roman', serif;\"><span style=\"font-size: medium;\">Das B\u00fcchereiteam<\/span><\/span><\/p>\n<p>&nbsp;<\/p>\nngg_shortcode_0_placeholder\n<p>&nbsp;<\/p>\n<p>&nbsp;<\/p>\n<p>&nbsp;<\/p>\n<div><\/div>\n<p>&nbsp;<\/p>\n<p>&nbsp;<\/p>\n<p>&nbsp;<\/p>\n","protected":false},"excerpt":{"rendered":"<p>&nbsp; Sch\u00fclerbibliothek Die Sch\u00fclerbibliothek ist fester Bestandteil des GBS. Sch\u00fclerInnen und LehrerInnen haben hier die M\u00f6glichkeit in \u00fcber 9000 B\u00fcchern<\/p>\n","protected":false},"author":1,"featured_media":0,"parent":9,"menu_order":0,"comment_status":"closed","ping_status":"closed","template":"","meta":{"ngg_post_thumbnail":0,"footnotes":""},"class_list":["post-165","page","type-page","status-publish","hentry"],"_links":{"self":[{"href":"https:\/\/www.gbs-online.de\/index.php?rest_route=\/wp\/v2\/pages\/165","targetHints":{"allow":["GET"]}}],"collection":[{"href":"https:\/\/www.gbs-online.de\/index.php?rest_route=\/wp\/v2\/pages"}],"about":[{"href":"https:\/\/www.gbs-online.de\/index.php?rest_route=\/wp\/v2\/types\/page"}],"author":[{"embeddable":true,"href":"https:\/\/www.gbs-online.de\/index.php?rest_route=\/wp\/v2\/users\/1"}],"replies":[{"embeddable":true,"href":"https:\/\/www.gbs-online.de\/index.php?rest_route=%2Fwp%2Fv2%2Fcomments&post=165"}],"version-history":[{"count":14,"href":"https:\/\/www.gbs-online.de\/index.php?rest_route=\/wp\/v2\/pages\/165\/revisions"}],"predecessor-version":[{"id":176,"href":"https:\/\/www.gbs-online.de\/index.php?rest_route=\/wp\/v2\/pages\/165\/revisions\/176"}],"up":[{"embeddable":true,"href":"https:\/\/www.gbs-online.de\/index.php?rest_route=\/wp\/v2\/pages\/9"}],"wp:attachment":[{"href":"https:\/\/www.gbs-online.de\/index.php?rest_route=%2Fwp%2Fv2%2Fmedia&parent=165"}],"curies":[{"name":"wp","href":"https:\/\/api.w.org\/{rel}","templated":true}]}}