{"id":167,"date":"2011-12-20T20:27:30","date_gmt":"2011-12-20T19:27:30","guid":{"rendered":"http:\/\/www.gbs-online.de\/?page_id=167"},"modified":"2018-04-15T21:28:59","modified_gmt":"2018-04-15T19:28:59","slug":"aufgabe-und-rechte","status":"publish","type":"page","link":"https:\/\/www.gbs-online.de\/?page_id=167","title":{"rendered":"Aufgabe und Rechte"},"content":{"rendered":"<p>In hessischen Schulen haben Lehrer, Sch\u00fcler und Eltern ein Mitspracherecht.<\/p>\n<p>Eltern haben durch die Mitarbeit in folgenden Gremien ein Mitspracherecht oder ein Anh\u00f6rungsrecht:<\/p>\n<ul>\n<li>Eltern k\u00f6nnen f\u00fcr die<span style=\"color: #000000;\"> Schulkonferenz<\/span>&nbsp;kandidieren.<\/li>\n<li>Der&nbsp;<span style=\"color: #000000;\">Schulelternbeirat <\/span>setzt sich aus den<span style=\"color: #000000;\"> Klassenelternbeir\u00e4ten<\/span>&nbsp;zusammen<\/li>\n<li>Eltern k\u00f6nnen an&nbsp;<span style=\"color: #000000;\">Planungsgruppen<\/span> teilnehmen.<\/li>\n<li>Eltern (werden vom SEB gew\u00e4hlt) k\u00f6nnen an der Gesamtkonferenz (Konferenz der Lehrer) mit beratender Stimme teilnehmen. Mit Ausnahme einiger Konferenzen k\u00f6nnen gew\u00e4hlte Eltern an den sonstigen Konferenzen der Lehrer mit beratender&nbsp;Stimme&nbsp;teilnehmen.<\/li>\n<\/ul>\n<div>Das Zusammenspiel der Gremien<\/div>\n<ul>\n<li>Entscheidungen der Schulkonferenz unterliegen zum Teil der Zustimmung des Schulelternbeirates. Die Schulkonferenz hat bei vielen Entscheidungen auch ein Anh\u00f6rungsrecht.<\/li>\n<\/ul>\n<p>&nbsp;<\/p>\n<p>Der Vorstand des Schulelternbeirates steht im Kontakt mit der Schulleitung . Wichtige Informationen werden \u00fcber die Klassenelternbeir\u00e4ten &nbsp;den Eltern mitgeteilt. Zu den Pflichte geh\u00f6rt sicherlich ein verantwortungsvoller Umgang mit Informationen und die Pflicht sich f\u00fcr die Interessen der Schulgemeinde einzusetzten.<\/p>\n<p>Rechte und Pflichten sind im HSchG geregelt. <a href=\"https:\/\/kultusministerium.hessen.de\/sites\/default\/files\/media\/lesefassung_schulgesetz_mit_inhaltsverzeichnis_stand_30-6-17_nicht_amtliche_lesefassung_0.pdf\">Auf folgender Seite k\u00f6nnen Sie das HSchG herunterladen.<\/a>&nbsp; Die Elternrechte sind im achten Teil geregelt. Die rechtlichen Regelungen zur Schulkonferenz finden Sie im zehnten Teil\/dritter Abschnitt.<\/p>\n<p>Lesen Sie auch,&nbsp;&nbsp;<a href=\"https:\/\/leb-hessen.de\/startseite\/eltermitbestimmung\/\"><strong>Elternmitbestimmung \/ Partizipationsm\u00f6glichkeiten<\/strong><\/a><\/p>\n<p><strong>&nbsp;<\/strong><\/p>\n<p>&nbsp;<\/p>\n<p>&nbsp;<\/p>\n<p>&nbsp;<\/p>\n<p>&nbsp;<\/p>\n<p>&nbsp;<\/p>\n<p>&nbsp;<\/p>\n","protected":false},"excerpt":{"rendered":"<p>In hessischen Schulen haben Lehrer, Sch\u00fcler und Eltern ein Mitspracherecht. Eltern haben durch die Mitarbeit in folgenden Gremien ein Mitspracherecht<\/p>\n","protected":false},"author":1,"featured_media":0,"parent":9,"menu_order":0,"comment_status":"closed","ping_status":"closed","template":"","meta":{"ngg_post_thumbnail":0,"footnotes":""},"class_list":["post-167","page","type-page","status-publish","hentry"],"_links":{"self":[{"href":"https:\/\/www.gbs-online.de\/index.php?rest_route=\/wp\/v2\/pages\/167","targetHints":{"allow":["GET"]}}],"collection":[{"href":"https:\/\/www.gbs-online.de\/index.php?rest_route=\/wp\/v2\/pages"}],"about":[{"href":"https:\/\/www.gbs-online.de\/index.php?rest_route=\/wp\/v2\/types\/page"}],"author":[{"embeddable":true,"href":"https:\/\/www.gbs-online.de\/index.php?rest_route=\/wp\/v2\/users\/1"}],"replies":[{"embeddable":true,"href":"https:\/\/www.gbs-online.de\/index.php?rest_route=%2Fwp%2Fv2%2Fcomments&post=167"}],"version-history":[{"count":14,"href":"https:\/\/www.gbs-online.de\/index.php?rest_route=\/wp\/v2\/pages\/167\/revisions"}],"predecessor-version":[{"id":3515,"href":"https:\/\/www.gbs-online.de\/index.php?rest_route=\/wp\/v2\/pages\/167\/revisions\/3515"}],"up":[{"embeddable":true,"href":"https:\/\/www.gbs-online.de\/index.php?rest_route=\/wp\/v2\/pages\/9"}],"wp:attachment":[{"href":"https:\/\/www.gbs-online.de\/index.php?rest_route=%2Fwp%2Fv2%2Fmedia&parent=167"}],"curies":[{"name":"wp","href":"https:\/\/api.w.org\/{rel}","templated":true}]}}